 what is 805 + 7?
812
In base 7, what is 205144 - -6?
205153
In base 14, what is -3018 - 8?
-3022
In base 7, what is 445 - 3326?
-2551
In base 10, what is 6 - 1456?
-1450
In base 8, what is 72 + 1126?
1220
In base 2, what is -11 - 1011110010?
-1011110101
In base 12, what is 119 + -154?
-37
In base 2, what is -1011101100000001 + -11100?
-1011101100011101
In base 16, what is fe0 + -408?
bd8
In base 15, what is -62c - 1e1?
-81d
In base 3, what is 20 + 1011000012200?
1011000012220
In base 6, what is -10220 - 502?
-11122
In base 12, what is 0 - -75373?
75373
In base 15, what is c649d + -5?
c6498
In base 2, what is 100 - -1100010101111010?
1100010101111110
In base 6, what is 11553 - -31?
12024
In base 2, what is 1000001110000110 + 1000?
1000001110001110
In base 4, what is -2223331 - 12?
-2230003
In base 8, what is 3064 + 4?
3070
In base 13, what is -b664 - -1b?
-b646
In base 14, what is -d6cd + -5?
-d6d4
In base 9, what is 17 + -280?
-262
In base 15, what is 5 + -3d47?
-3d42
In base 16, what is -3791 + -f?
-37a0
In base 14, what is 0 - 2b7?
-2b7
In base 3, what is 0 - -220110000?
220110000
In base 3, what is -110 + 10000100?
2222220
In base 4, what is 3032 - -10211?
13303
In base 5, what is -4230 + -141442?
-201222
In base 7, what is -2030 - -363?
-1334
In base 5, what is -4420044 - 10?
-4420104
In base 6, what is 15543412 - -3?
15543415
In base 4, what is 1 - 11012103?
-11012102
In base 16, what is 5f + -140?
-e1
In base 14, what is -470 + -28?
-498
In base 10, what is -14306 + 156?
-14150
In base 14, what is 192 - -35a1?
3753
In base 7, what is -50201 - 5?
-50206
In base 14, what is 1 - 2539?
-2538
In base 4, what is 130020 + 1212?
131232
In base 14, what is 123 + a2?
1c5
In base 10, what is 14 - 23913?
-23899
In base 12, what is -18 + -9760?
-9778
In base 7, what is 34 + 3356?
3423
In base 6, what is -4553001 + 0?
-4553001
In base 6, what is 200 - 2103?
-1503
In base 4, what is -121 + 130113?
123332
In base 12, what is 4b4977 + 2?
4b4979
In base 9, what is -17 + -4554?
-4572
In base 15, what is -4479c8 - -1?
-4479c7
In base 5, what is -1 - -1444412?
1444411
In base 2, what is 11000001011011010010111 - 0?
11000001011011010010111
In base 7, what is 2222301 - 5?
2222263
In base 4, what is -1 + -20212311?
-20212312
In base 11, what is -5 + 287047?
287042
In base 7, what is -10 + -43326?
-43336
In base 15, what is 14 + -61e?
-60a
In base 7, what is 3325 + -2?
3323
In base 13, what is -83aa + -5?
-83b2
In base 13, what is 161 + -95c?
-7cb
In base 9, what is -7175 - 234?
-7420
In base 13, what is 351 + 28?
379
In base 11, what is -91 - -509?
428
In base 13, what is -3741ca9 + 4?
-3741ca5
In base 6, what is 2 + -2100145?
-2100143
In base 13, what is -317 + -633?
-94a
In base 3, what is 10 - 22220021110?
-22220021100
In base 6, what is 50 - -2311144?
2311234
In base 2, what is 10 + 11010101001001100?
11010101001001110
In base 11, what is -8749 - -9?
-8740
In base 2, what is 11011001001 + 1111101?
11101000110
In base 5, what is -1032230 + -143?
-1032423
In base 5, what is -102440 - -10?
-102430
In base 15, what is -8de - c6?
-9b5
In base 13, what is 10514b + 5?
105153
In base 3, what is 1000220011 + 10100?
1001000111
In base 6, what is -134 + -435414?
-435552
In base 8, what is -4 + 522331?
522325
In base 10, what is 54730 + 5?
54735
In base 9, what is -7 - 2607?
-2615
In base 9, what is 244 + -2285?
-2041
In base 10, what is -3 + -43446?
-43449
In base 3, what is -20102200 - 10?
-20102210
In base 12, what is -817 + 38?
-79b
In base 12, what is 3a - -578?
5b6
In base 15, what is -12 - -706?
6e4
In base 6, what is -141105305 + -1?
-141105310
In base 7, what is -602 - -21056?
20154
In base 3, what is -100121 - -112222?
12101
In base 10, what is -159 + 148?
-11
In base 14, what is 6a02 - -4?
6a06
In base 6, what is -4 - 14112403?
-14112411
In base 13, what is -9a2 - 21?
-9c3
In base 13, what is 0 - 17683?
-17683
In base 6, what is 10454 - 25?
10425
In base 8, what is 423 + -243?
160
In base 12, what is 2 + 9656?
9658
In base 8, what is -1 - 143236?
-143237
In base 16, what is -5 + -49f10?
-49f15
In base 6, what is -3 - -214435?
214432
In base 2, what is 101100111111 - 1001001?
101011110110
In base 11, what is -1555 - -a?
-1546
In base 16, what is 2 - 1374?
-1372
In base 8, what is -40527 + -5?
-40534
In base 14, what is -1a - -1d4?
1b8
In base 11, what is 468 + 1379?
1836
In base 8, what is -3 + -23066?
-23071
In base 15, what is 40 + -1630?
-15e0
In base 6, what is -2 + -1142054?
-1142100
In base 13, what is 15a + 25b?
3b8
In base 14, what is 5 - 2310?
-2309
In base 15, what is 2667 + -292?
23c5
In base 5, what is 1413 + -12012?
-10044
In base 16, what is -1ce + -269?
-437
In base 11, what is -2 + 44a349?
44a347
In base 11, what is 17573 + -2?
17571
In base 11, what is -5 - 1182a9?
-118303
In base 8, what is 5512 + -31?
5461
In base 7, what is -2141 - 311?
-2452
In base 5, what is 2 + 14324?
14331
In base 4, what is -12 - 33320?
-33332
In base 2, what is -1100 - -11111000000101?
11110111111001
In base 10, what is 267 + -4202?
-3935
In base 15, what is a3 + e02c?
e0d0
In base 4, what is 21100 - 1210?
13230
In base 15, what is 414 + a?
41e
In base 7, what is 2 + -1351?
-1346
In base 9, what is -1 + 477458?
477457
In base 13, what is 14c - -a3?
222
In base 13, what is 2 - c18?
-c16
In base 11, what is 210 + -435?
-225
In base 2, what is 1011100001001000 + 110001?
1011100001111001
In base 2, what is -10 - -10100100000001101110?
10100100000001101100
In base 11, what is 3 + -5513?
-5510
In base 6, what is 4251325 + -4?
4251321
In base 16, what is -34 + 15ab?
1577
In base 16, what is -16f - -56?
-119
In base 14, what is 4 - -1420d6?
1420da
In base 15, what is 2 + -4ebbd?
-4ebbb
In base 11, what is 58 + -14121?
-14074
In base 2, what is 1000100111 + 10110101101?
11111010100
In base 12, what is 4 + 68111?
68115
In base 5, what is -3 + -142333012?
-142333020
In base 4, what is 1133 + -222102?
-220303
In base 9, what is 23015 + 1?
23016
In base 10, what is -11 + 3670?
3659
In base 8, what is 50 + -14716?
-14646
In base 6, what is -3 - 3054104?
-3054111
In base 8, what is -1157 + 10346?
7167
In base 3, what is -12 - -201100012001?
201100011212
In base 15, what is -1ae2d - -2?
-1ae2b
In base 11, what is 129 - 441?
-313
In base 7, what is 2053 + 20?
2103
In base 3, what is 2 + 101002012?
101002021
In base 8, what is 101116 - 6?
101110
In base 15, what is 336 - 2c?
309
In base 2, what is 1100001101 + 1110?
1100011011
In base 6, what is 1241213 - -4?
1241221
In base 11, what is -5 + -737a0?
-737a5
In base 5, what is -3 - -41232123?
41232120
In base 4, what is -3 - 2311310?
-2311313
In base 2, what is 11011010111110100011 - -11?
11011010111110100110
In base 14, what is -960 + d?
-951
In base 11, what is 3 + 1135a3?
1135a6
In base 11, what is 26251 - 14?
26238
In base 5, what is -10 + 440343?
440333
In base 9, what is 26050 + -340?
25610
In base 3, what is 1010110011 - 1212?
1010101022
In base 5, what is -31 + -242004?
-242040
In base 16, what is 156e52 - 4?
156e4e
In base 5, what is 20432 - 3101?
12331
In base 12, what is 382 + 8?
38a
In base 10, what is -2970 - -1522?
-1448
In base 16, what is -8 - -c3db?
c3d3
In base 9, what is -171 - -424?
243
In base 9, what is 2 + -834725?
-834723
In base 6, what is 1033103 + 0?
1033103
In base 12, what is -3 + -74789?
-74790
In base 12, what is 1577 - -4?
157b
In base 7, what is -2500452 - -1?
-2500451
In base 11, what is 652a7 + 5?
65301
In base 5, what is 1133014 + -24?
1132440
In base 12, what is 158b8 + 2?
158ba
In base 5, what is 43241100 - 1?
43241044
In base 11, what is -4561 - -68?
-44a4
In base 9, what is -1103 - 117?
-1221
In base 6, what is 143 + 21143?
21330
In base 14, what is a4d - -90?
add
In base 9, what is -441821 + 4?
-441816
In base 11, what is -1863467 - -5?
-1863462
In base 11, what is -518 + 7?
-511
In base 15, what is 11a7c1 + -2?
11a7be
In base 3, what is -101 - 112212211?
-112220012
In base 8, what is -2 + -1161470?
-1161472
In base 4, what is -3 + -3311330?
-3311333
In base 3, what is -2002121022 + 1?
-2002121021
In base 12, what is -8a - 160a?
-1698
In base 4, what is -23220311 + -10?
-23220321
In base 8, what is 2445 - 352?
2073
In base 8, what is -432645 + 20?
-432625
In base 3, what is 21101 - -22222?